 base 10.
-140562
8466c (base 16) to base 14
1018cc
-328717 (base 12) to base 10
-802819
What is 2431200021 (base 5) in base 15?
781476
Convert 7a4ab (base 16) to base 6.
14423003
Convert -167423 (base 11) to base 5.
-31234343
What is 230c2 (base 13) in base 10?
63871
What is -204a22 (base 12) in base 14?
-d25bc
1100000010100100101 (base 2) to base 15
7bd73
What is 6a7a2 (base 13) in base 3?
100220000022
-110011100111100111000 (base 2) to base 9
-3157206
What is 1511258 (base 10) in base 3?
2211210001112
-6124537 (base 8) to base 4
-12022211133
Convert 11112101201 (base 3) to base 13.
317c8
196956 (base 10) to base 2
110000000101011100
What is 1301133041 (base 5) in base 14?
5bc71b
What is e6526 (base 16) in base 9?
1687080
What is -351457 (base 9) in base 10?
-211057
-96847 (base 10) to base 13
-3510a
-14153150 (base 6) to base 2
-1110101100011111010
What is 77302 (base 9) in base 14?
14987
Convert -3d11b8 (base 14) to base 5.
-1020202412
Convert 63137 (base 13) to base 12.
87138
Convert -29e31 (base 15) to base 5.
-13303241
553764 (base 8) to base 2
101101011111110100
What is 3219177 (base 13) in base 14?
2057658
Convert -1000010101010110000 (base 2) to base 7.
-2215062
2322054 (base 8) to base 2
10011010010000101100
What is -1b2c7 (base 15) in base 8?
-254503
What is 22305213 (base 6) in base 8?
2453451
-5ad572 (base 15) to base 13
-b93225
12333205 (base 6) to base 15
7dd0e
What is -49c8e (base 15) in base 7?
-2001125
What is -39152 (base 12) in base 15?
-1817b
What is -3fa71 (base 16) in base 7?
-2134056
What is 1111101010111101101011 (base 2) in base 3?
21201201022022
Convert 12312120022 (base 4) to base 5.
424424334
Convert -12666000 (base 7) to base 3.
-2012202101000
-a7aeab (base 15) to base 2
-11110011101100000100010
Convert -979d1 (base 14) to base 4.
-1121210303
What is e6e2b (base 15) in base 9?
1335335
1a305 (base 13) to base 11
35393
4846573 (base 9) to base 10
2629245
Convert 2014333 (base 6) to base 7.
545502
-c3bc (base 15) to base 6
-515240
What is 3405260 (base 7) in base 9?
712822
Convert -141433424 (base 6) to base 16.
-2bf918
What is 40651611 (base 7) in base 9?
6363383
-2ffb31 (base 16) to base 14
-5bbd4d
-1727241 (base 8) to base 13
-148206
What is -1220011102020 (base 3) in base 2?
-11110101110111001100
-1261d6 (base 14) to base 7
-5240056
Convert 52128 (base 13) to base 11.
a0822
-430810 (base 9) to base 10
-256536
What is d70d (base 14) in base 10?
37057
Convert -a30179 (base 11) to base 10.
-1654640
Convert 212321011 (base 4) to base 5.
20044201
What is -141401104 (base 5) in base 6?
-23402044
Convert 1024100 (base 6) to base 15.
ecd3
What is 60960 (base 12) in base 2?
11110101101011000
28123 (base 15) to base 5
13103013
What is 1154113 (base 6) in base 11?
424a1
Convert 16c46 (base 15) to base 13.
27699
What is 111132300323 (base 4) in base 11?
31a6753
68471 (base 14) to base 15
500db
-172463 (base 13) to base 10
-576371
-42253231 (base 6) to base 13
-343678
Convert 9048e (base 15) to base 16.
6f7d3
-222210011111 (base 3) to base 14
-da1a4
-797517 (base 11) to base 8
-4656512
Convert 329325 (base 14) to base 15.
23d4eb
What is 39493 (base 16) in base 6?
5010151
-102650 (base 13) to base 3
-201010211022
-bb20 (base 13) to base 8
-62704
What is 13424010 (base 8) in base 4?
23202200020
Convert 13513026 (base 7) to base 11.
793709
Convert -3523555 (base 6) to base 2.
-101100100000011111
Convert -2022112012 (base 3) to base 9.
-68465
111020321 (base 4) to base 15
1a9c5
-2567357 (base 12) to base 11
-4172582
What is 113031232 (base 4) in base 15?
1d291
-778245 (base 14) to base 11
-2320440
What is 1152c (base 16) in base 13?
263b2
What is -144501 (base 6) in base 13?
-64b4
Convert -21010010021 (base 3) to base 7.
-1122220
What is -12201000022 (base 3) in base 6?
-2223442
-1401122110 (base 5) to base 4
-31133100201
What is 11001000100100001110111 (base 2) in base 14?
c31155
Convert -2357517 (base 8) to base 14.
-12bad9
Convert -4b959 (base 13) to base 9.
-233042
What is 434811 (base 12) in base 3?
2000010202011
-1796464 (base 13) to base 6
-432545321
Convert 10100212111020 (base 3) to base 2.
110110100101010110010
-1000200 (base 6) to base 13
-18366
Convert -20000200102 (base 3) to base 6.
-2313015
Convert -3673472 (base 8) to base 6.
-33420230
Convert 1c3ea (base 15) to base 5.
10421040
Convert 24a8b3 (base 13) to base 5.
211132143
Convert -a5d6d (base 16) to base 10.
-679277
What is -330a1 (base 14) in base 16?
-1e2e5
What is -62277013 (base 8) in base 12?
-450994b
Convert 1894892 (base 10) to base 5.
441114032
1150244 (base 7) to base 9
243068
Convert 611312 (base 7) to base 6.
2120142
What is -1000010110101100011001 (base 2) in base 3?
-11010021021000
Convert -1405523 (base 6) to base 4.
-103102323
30013010323 (base 4) to base 13
87203b
1122020102 (base 3) to base 4
13313321
What is -546a38 (base 16) in base 14?
-a40184
8423d (base 14) to base 2
1001101110100011111
Convert 1301440 (base 5) to base 13.
b64c
20341223 (base 5) to base 2
101001000101111001
-6ba4 (base 14) to base 12
-aa38
-11100101011111001 (base 2) to base 15
-24c32
Convert 100110101001101 (base 2) to base 5.
1113124
What is 68700 (base 15) in base 13?
b8356
-35520 (base 16) to base 9
-362526
What is -6aa753 (base 13) in base 11?
-1482860
Convert 30354 (base 7) to base 5.
214024
-233031132 (base 4) to base 7
-1433526
What is -1000122200122 (base 3) in base 16?
-84e51
-11220230231 (base 4) to base 16
-168b2d
Convert -12220422320 (base 5) to base 13.
-3050147
Convert 17823710 (base 9) to base 11.
509135a
What is 1210201 (base 6) in base 8?
174131
-5684242 (base 10) to base 16
-56bc12
What is 33d129 (base 16) in base 6?
200441401
What is -123808 (base 9) in base 7?
-431462
21122210 (base 5) to base 9
288162
What is -5005d2 (base 14) in base 11?
-1578283
Convert -90145 (base 10) to base 6.
-1533201
-123350 (base 6) to base 12
-6556
What is -65633652 (base 7) in base 4?
-111200223330
What is 2884999 (base 10) in base 8?
13002607
What is -344113030 (base 6) in base 13?
-1416738
Convert -201102000111 (base 3) to base 8.
-1352071
1a33975 (base 11) to base 4
31011223312
What is 2453231 (base 7) in base 12?
132828
What is 1278564 (base 9) in base 7?
5651644
-c1d2c (base 16) to base 6
-25003244
What is 1ea1b (base 15) in base 2?
11000011100110111
What is -143252514 (base 6) in base 13?
-7c926a
-121110 (base 9) to base 14
-1c858
Convert -11414 (base 5) to base 13.
-511
-101121110 (base 3) to base 2
-1111000110110
-95552 (base 10) to base 14
-26b72
100010010010011000111 (base 2) to base 13
304512
Convert 4974a8 (base 11) to base 10.
785892
-4717 (base 8) to base 14
-cb5
Convert -1120530 (base 7) to base 4.
-202010010
98014 (base 16) to base 9
1148051
What is -93326 (base 10) in base 3?
-11202000112
301222323 (base 4) to base 6
4205523
What is -1211511420 (base 6) in base 14?
-1b948cc
Convert 312211132 (base 4) to base 3.
102100200211
-174d68 (base 16) to base 7
-15660213
Convert -972092 (base 12) to base 4.
-21013003232
What is 5632206 (base 7) in base 5?
134301310
Convert 22444320 (base 7) to base 9.
3617570
What is 102922 (base 11) in base 12?
7b476
Convert 23c3535 (base 13) to base 5.
10321231314
Convert -2222400204 (base 5) to base 15.
-66826e
Convert 13003320130 (base 4) to base 10.
1850908
Convert -10122020 (base 9) to base 4.
-102201230220
What is -10010111110101011011 (base 2) in base 5?
-124400130
22564 (base 14) to base 10
83388
-1eeb (base 15) to base 16
-1a5a
What is 6487d (base 15) in base 8?
1157300
-21aa752 (base 11) to base 9
-7240448
34567268 (base 9) to base 3
1011122021022022
What is 6599a (base 15) in base 11?
200580
Convert -1d4c3 (base 15) to base 8.
-272537
Convert 10bd9 (base 14) to base 9.
61822
-1100101011110001 (base 2) to base 11
-36040
What is 59b378 (base 12) in base 7?
15220220
Convert -10102131 (base 4) to base 14.
-6589
-4244140 (base 5) to base 8
-214163
-83febb (base 16) to base 4
-200333322323
What is -56a791 (base 12) in base 8?
-5224735
What is 26335 (base 10) in base 6?
321531
Convert 20210210222 (base 3) to base 5.
13242000
What is -17270434 (base 8) in base 12?
-14222a4
What is -7734610 (base 9) in base 5?
-2031002044
-35772 (base 15) to base 11
-107059
Convert 7935e (base 15) to base 10.
385514
What is -75377 (base 11) i